159
Calculate the remainder when 29370697 is divided by 20.
17
What is the remainder when 7998092 is divided by 3999046?
0
What is the remainder when 80920203 is divided by 4272?
4251
What is the remainder when 2645713 is divided by 64?
17
Calculate the remainder when 8971557 is divided by 40231.
44
What is the remainder when 1831014 is divided by 1830995?
19
Calculate the remainder when 8812902 is divided by 2637.
48
What is the remainder when 674853 is divided by 168711?
9
Calculate the remainder when 125417 is divided by 31340.
57
What is the remainder when 57394 is divided by 9525?
244
Calculate the remainder when 136593 is divided by 638.
61
Calculate the remainder when 567594 is divided by 113411.
539
What is the remainder when 7377774 is divided by 3352?
22
Calculate the remainder when 9452 is divided by 1482.
560
Calculate the remainder when 136268 is divided by 8123.
6300
Calculate the remainder when 133319 is divided by 26519.
724
Calculate the remainder when 169753 is divided by 6057.
157
What is the remainder when 2229203 is divided by 501?
254
What is the remainder when 75525 is divided by 75476?
49
What is the remainder when 669412408 is divided by 1005?
1003
Calculate the remainder when 446048 is divided by 13919.
640
Calculate the remainder when 2987795 is divided by 3357.
65
What is the remainder when 46386 is divided by 23189?
8
What is the remainder when 1315315 is divided by 56?
43
Calculate the remainder when 14853089 is divided by 5078.
5017
Calculate the remainder when 1000442 is divided by 572.
14
Calculate the remainder when 8875 is divided by 442.
35
Calculate the remainder when 3887869 is divided by 176721.
7
What is the remainder when 4774182 is divided by 1193537?
34
Calculate the remainder when 9513001 is divided by 14.
1
What is the remainder when 2363148 is divided by 46336?
12
What is the remainder when 403780857 is divided by 9392?
9385
Calculate the remainder when 643956 is divided by 321899.
158
Calculate the remainder when 1544126 is divided by 166.
160
Calculate the remainder when 12396728 is divided by 16.
8
What is the remainder when 3491271 is divided by 5396?
59
What is the remainder when 1528003 is divided by 763982?
39
Calculate the remainder when 259194 is divided by 4323.
4137
What is the remainder when 70410152 is divided by 2573?
7
What is the remainder when 11720169 is divided by 2816?
2793
What is the remainder when 100715526 is divided by 25178870?
46
Calculate the remainder when 97693 is divided by 4247.
12
What is the remainder when 33030889 is divided by 3002808?
1
Calculate the remainder when 81711 is divided by 10743.
6510
What is the remainder when 7672492 is divided by 10612?
16
Calculate the remainder when 100044 is divided by 1749.
351
What is the remainder when 2433637 is divided by 347661?
10
Calculate the remainder when 14225618 is divided by 405.
398
What is the remainder when 276285604 is divided by 895?
894
Calculate the remainder when 61354294 is divided by 127.
86
What is the remainder when 176683 is divided by 293?
4
Calculate the remainder when 2991833 is divided by 37871.
24
Calculate the remainder when 127866 is divided by 31517.
1798
Calculate the remainder when 84380 is divided by 343.
2
What is the remainder when 77038414 is divided by 20?
14
Calculate the remainder when 124483 is divided by 40152.
4027
Calculate the remainder when 78346032 is divided by 79.
73
Calculate the remainder when 2060798 is divided by 294398.
12
Calculate the remainder when 824301 is divided by 142.
133
Calculate the remainder when 31227 is divided by 6237.
42
Calculate the remainder when 4618250 is divided by 2630.
2600
Calculate the remainder when 4156803 is divided by 593828.
7
What is the remainder when 3942138 is divided by 54?
30
What is the remainder when 7015782 is divided by 44?
26
Calculate the remainder when 234207 is divided by 12.
3
Calculate the remainder when 504894 is divided by 24040.
54
What is the remainder when 912615 is divided by 228147?
27
What is the remainder when 71114 is divided by 23631?
221
What is the remainder when 75010 is divided by 75010?
0
What is the remainder when 121537 is divided by 540?
37
What is the remainder when 1872337679 is divided by 565?
564
What is the remainder when 39427 is divided by 6563?
49
What is the remainder when 77503031 is divided by 1704?
1703
What is the remainder when 6341 is divided by 854?
363
Calculate the remainder when 5019 is divided by 875.
644
Calculate the remainder when 9120119 is divided by 1520018.
11
Calculate the remainder when 2636054 is divided by 47.
12
Calculate the remainder when 512679 is divided by 16538.
1
Calculate the remainder when 26380160 is divided by 12420.
80
What is the remainder when 1916958 is divided by 111?
99
Calculate the remainder when 2817884 is divided by 934.
6
What is the remainder when 22070983 is divided by 54?
49
What is the remainder when 27103197 is divided by 2833?
2719
What is the remainder when 1226993 is divided by 417?
179
What is the remainder when 228853 is divided by 1406?
1081
Calculate the remainder when 74209317 is divided by 31.
29
What is the remainder when 3668159 is divided by 8170?
7999
Calculate the remainder when 525262 is divided by 525252.
10
What is the remainder when 580291 is divided by 290067?
157
What is the remainder when 109593986 is divided by 1395?
1391
Calculate the remainder when 489271 is divided by 775.
246
What is the remainder when 1067765 is divided by 18072?
1517
Calculate the remainder when 75696 is divided by 37845.
6
What is the remainder when 4902744 is divided by 8?
0
Calculate the remainder when 42210753 is divided by 8879.
8866
What is the remainder when 2511005055 is divided by 12724?
12723
Calculate the remainder when 467337 is divided by 233591.
155
What is the remainder when 4898023 is divided by 4897985?
38
Calculate the remainder when 135512 is divided by 8513.
7817
What is the remainder when 718142 is divided by 5359?
36
What is the remainder when 1806777 is divided by 319?
280
What is the remainder when 456441 is divided by 128?
121
Calculate the remainder when 507836 is divided by 168904.
1124
What is the remainder when 945199100 is divided by 8?
4
What is the remainder when 266379031 is divided by 88793006?
13
Calculate the remainder when 15007495 is divided by 11562.
19
Calculate the remainder when 98483023 is divided by 41.
39
Calculate the remainder when 2052953 is divided by 1708.
1645
Calculate the remainder when 6211425 is divided by 1242284.
5
What is the remainder when 3275732 is divided by 8009?
51
Calculate the remainder when 13255077 is divided by 213791.
35
Calculate the remainder when 45207 is divided by 14604.
1395
What is the remainder when 32521743 is divided by 188?
187
Calculate the remainder when 22012447 is divided by 5503092.
79
What is the remainder when 1638700 is divided by 984?
340
Calculate the remainder when 196082 is divided by 2614.
32
Calculate the remainder when 14731 is divided by 3605.
311
What is the remainder when 247676 is divided by 247660?
16
Calculate the remainder when 9868868 is divided by 735.
23
What is the remainder when 378119321 is divided by 2729?
2726
Calculate the remainder when 98471 is divided by 45.
11
Calculate the remainder when 96573 is divided by 21175.
11873
What is the remainder when 124721 is divided by 253?
245
What is the remainder when 312520 is divided by 44459?
1307
What is the remainder when 2160452 is divided by 308635?
7
Calculate the remainder when 34737 is divided by 33871.
866
What is the remainder when 1403357 is divided by 28067?
7
Calculate the remainder when 35574 is divided by 607.
368
Calculate the remainder when 892670 is divided by 24126.
8
Calculate the remainder when 2038184 is divided by 214.
48
Calculate the remainder when 51660922 is divided by 17220301.
19
Calculate the remainder when 8004 is divided by 7493.
511
What is the remainder when 2780345 is divided by 174?
173
Calculate the remainder when 278625 is divided by 1679.
1590
What is the remainder when 2617089 is divided by 627?
618
What is the remainder when 13527 is divided by 488?
351
Calculate the remainder when 7209455 is divided by 9.
5
What is the remainder when 408466 is divided by 4